
Does 44 divide 2577960?
True
Is 74024 a multiple of 8?
True
Is 25 a factor of 24850?
True
Is 133 a factor of 430920?
True
Does 19 divide 8990496?
True
Is 511 a factor of 3797491?
False
Is 6316502 a multiple of 30?
False
Is 36 a factor of 485856?
True
Is 3 a factor of 716976?
True
Does 92 divide 104088?
False
Is 277905 a multiple of 16?
False
Does 22 divide 4013519?
False
Does 48 divide 26256?
True
Does 7 divide 10069797?
False
Does 569 divide 2767047?
True
Does 200 divide 147527?
False
Is 210 a factor of 21090300?
True
Does 16 divide 80624?
True
Is 53 a factor of 8833269?
False
Is 274 a factor of 3712152?
True
Does 16 divide 7461664?
True
Is 10 a factor of 13911?
False
Does 2 divide 9813?
False
Is 8963 even?
False
Is 1117720 a multiple of 8?
True
Does 824 divide 744072?
True
Is 31 a factor of 410533?
True
Does 141 divide 3907120?
False
Is 47 a factor of 1531746?
False
Does 15 divide 1075002?
False
Is 64 a factor of 38336?
True
Does 154 divide 15777454?
True
Does 19 divide 69151?
False
Is 735490 a multiple of 395?
True
Is 82189 a multiple of 158?
False
Is 95283 a multiple of 228?
False
Is 667776 a multiple of 37?
True
Is 113 a factor of 968975?
True
Does 15 divide 830025?
True
Does 29 divide 1690903?
True
Does 809 divide 3288585?
True
Does 17 divide 6465474?
True
Does 14 divide 15057256?
False
Is 103738 a multiple of 17?
False
Does 126 divide 660751?
False
Does 25 divide 3789363?
False
Is 8 a factor of 44240?
True
Does 132 divide 792?
True
Is 61 a factor of 3707606?
False
Is 21 a factor of 165144?
True
Is 213634 a multiple of 115?
False
Does 14 divide 3633961?
False
Does 44 divide 52409?
False
Is 604604 a multiple of 163?
False
Does 4 divide 57926?
False
Is 743600 a multiple of 650?
True
Is 106 a factor of 5081958?
True
Does 7 divide 27538?
True
Is 358 a factor of 195945?
False
Is 20072400 a multiple of 344?
True
Is 6 a factor of 109302?
True
Is 346491 a multiple of 313?
True
Is 21 a factor of 983031?
True
Is 13 a factor of 17516?
False
Is 13 a factor of 719779?
False
Does 295 divide 125080?
True
Does 8 divide 2282522?
False
Does 12 divide 1089732?
True
Does 263 divide 2046814?
False
Is 40 a factor of 552200?
True
Is 7516 a multiple of 8?
False
Does 9 divide 3459960?
True
Is 748297 a multiple of 66?
False
Is 860335 a multiple of 140?
False
Is 5026065 a multiple of 367?
True
Is 2340000 a multiple of 585?
True
Is 7352416 a multiple of 16?
True
Is 22 a factor of 4708?
True
Is 218887 a multiple of 31?
False
Is 947551 a multiple of 41?
True
Is 102758 a multiple of 22?
False
Does 150 divide 10750290?
False
Is 220 a factor of 147356?
False
Is 204402 a multiple of 209?
True
Does 997 divide 740771?
True
Does 9 divide 11274145?
False
Does 28 divide 8109151?
False
Is 77 a factor of 4313232?
True
Is 1450436 a multiple of 4?
True
Is 49 a factor of 5321253?
True
Does 503 divide 61166?
False
Does 13 divide 1057610?
False
Is 71 a factor of 991941?
True
Is 143288 a multiple of 312?
False
Does 62 divide 79360?
True
Does 50 divide 3356200?
True
Does 129 divide 46053?
True
Does 91 divide 158158?
True
Does 6 divide 1198116?
True
Does 18 divide 206136?
True
Is 140778 a multiple of 198?
True
Is 103762 a multiple of 29?
True
Is 90 a factor of 1157148?
False
Is 67613 a multiple of 3?
False
Is 26 a factor of 8996?
True
Is 7 a factor of 39137?
True
Does 446 divide 1476706?
True
Does 131 divide 3803771?
False
Is 14 a factor of 743066?
False
Is 20 a factor of 81751?
False
Is 19680 a multiple of 8?
True
Is 437 a factor of 9624925?
True
Is 133 a factor of 620312?
True
Is 1014372 a multiple of 918?
False
Is 185 a factor of 154745?
False
Does 5 divide 82845?
True
Does 705 divide 1299315?
True
Is 19348320 a multiple of 480?
True
Does 14 divide 56490?
True
Is 20 a factor of 86943?
False
Does 255 divide 88230?
True
Is 4 a factor of 1076?
True
Is 47 a factor of 49245?
False
Is 3700875 a multiple of 35?
False
Is 159 a factor of 143100?
True
Is 16426463 a multiple of 14?
False
Is 320351 a multiple of 470?
False
Is 289680 a multiple of 3?
True
Is 72 a factor of 6856375?
False
Is 175700 a multiple of 251?
True
Is 283 a factor of 1413302?
True
Is 204985 a multiple of 40?
False
Does 779 divide 14125005?
False
Does 7 divide 1447649?
True
Does 49 divide 12768420?
True
Is 14 a factor of 167006?
True
Is 16 a factor of 2830512?
True
Is 147 a factor of 490464?
False
Is 27098850 a multiple of 17?
True
Is 49 a factor of 518603?
False
Is 3411525 a multiple of 7?
False
Is 28720 a multiple of 131?
False
Is 151007 a multiple of 10?
False
Is 10 a factor of 2155670?
True
Does 27 divide 433682?
False
Is 216 a factor of 4855032?
True
Does 28 divide 760157?
False
Does 644 divide 4879819?
False
Is 64713 a multiple of 57?
False
Does 23 divide 2451225?
True
Is 82302 a multiple of 33?
True
Does 79 divide 3131165?
True
Does 93 divide 1528161?
False
Is 111466 a multiple of 277?
False
Is 7 a factor of 573692?
True
Is 142 a factor of 155064?
True
Does 44 divide 423386?
False
Is 1207 a factor of 11402529?
True
Is 110511 a multiple of 205?
False
Is 55 a factor of 362959?
False
Is 533128 a multiple of 103?
True
Is 87942 a multiple of 12?
False
Is 8 a factor of 2289806?
False
Does 576 divide 195831?
False
Is 20 a factor of 924279?
False
Is 297472 a multiple of 448?
True
Is 19 a factor of 2757977?
False
Does 28 divide 2238578?
False
Does 93 divide 2825123?
False
Does 49 divide 116323?
False
Does 41 divide 503152?
True
Is 87 a factor of 1371447?
False
Is 895993 a multiple of 7?
True
Does 16 divide 122320?
True
Is 9 a factor of 1685974?
False
Is 122217 a multiple of 297?
False
Is 624960 a multiple of 96?
True
Is 162932 a multiple of 44?
True
Is 28 a factor of 54292?
True
Is 2829549 a multiple of 16?
False
Is 131 a factor of 22925?
True
Is 685 a factor of 2875198?
False
Does 50 divide 153300?
True
Is 232978 a multiple of 249?
False
Does 602 divide 3097892?
True
Is 772877 a multiple of 77?
False
Is 1379864 a multiple of 30?
False
Is 12832310 a multiple of 17?
False
Is 126 a factor of 59012?
False
Is 232 a factor of 150800?
True
Is 12 a factor of 360073?
False
Is 23112 a multiple of 3?
True
Is 42 a factor of 1330?
False
Does 5 divide 693961?
False
Is 131193 a multiple of 129?
True
Is 162385 a multiple of 113?
False
Is 23 a factor of 120113?
False
Does 227 divide 37461356?
True
Does 1153 divide 13510854?
True
Is 7 a factor of 125377?
True
Is 32 a factor of 23264?
True
Is 101 a factor of 1341280?
True
Is 161 a factor of 1843611?
True
Does 91 divide 3637543?
True
Is 16 a factor of 2551056?
True
Is 10 a factor of 126445?
False
Does 1451 divide 2330306?
True
Is 291788 a multiple of 17?
True
Is 22305 a multiple of 5?
True
Is 52944 a multiple of 6?
True
Does 20 divide 107100?
True
Does 28 divide 1068569?
False
Is 37 a factor of 48319?
False
Is 113952 a multiple of 16?
True
Does 14 divide 2172898?
True
Does 36 divide 2401596?
True
Is 170102 a multiple of 17?
True
Is 114 a factor of 1187994?
True
Does 30 divide 3716951?
False
Is 954912 a multiple of 588?
True
Is 16 a factor of 1405395?
False
Does 53 divide 4543902?
True
Does 26 divide 68874?
True
Is 4 a factor of 437612?
True
Is 1243755 a multiple of 27?
True
Is 498336 a multiple of 87?
True
Is 971222 a multiple of 420?
False
Does 38 divide 10051890?
False
Is 96876 a multiple of 26?
True
Does 123 divide 9133119?
True
Is 95174 a multiple of 3?
False
Is 145560 a multiple of 4?
True
Does 145 divide 17980?
True
Is 3571109 a multiple of 529?
False
Does 13 divide 20991?
False
Does 10 divide 10448?
False
Is 71 a factor of 452001?
False
Is 927801 a multiple of 27?
True
Is 510 a factor of 790831?
False
Does 663 divide 2455312?
False
Is 6377562 a multiple of 878?
False
Does 80 divide 117918?
False
Is 74 a factor of 2819919?
False
Is 3898740 a multiple of 222?
False
Does 11 divide 194084?
True
Does 31 divide 7869102?
True
Is 216108 a multiple of 23?
True
Does 9 divide 212786?
False
Is 190070 a multiple of 188?
False
Does 401 divide 1063853?
True
Does 354 divide 19470?
True
Is 76 a factor of 2599048?
True
Is 159429 a multiple of 24?
False
Is 33 a factor of 9426759?
False
Is 234444 a multiple of 5?
False
Is 42 a factor of 182136?
False
Is 45 a factor of 523620?
True
Is 500592 a multiple of 4?
True
Does 4 divide 148792?
True
Does 36 divide 275076?
True
Is 8 a factor of 964056?
True
Is 10